39?
9
What is the hundreds digit of 21373?
3
What is the units digit of 6410?
0
What is the tens digit of 2647?
4
What is the thousands digit of 3024?
3
What is the units digit of 3446?
6
What is the tens digit of 9839?
3
What is the thousands digit of 23858?
3
What is the thousands digit of 28275?
8
What is the hundreds digit of 2324?
3
What is the tens digit of 4647?
4
What is the units digit of 1024?
4
What is the tens digit of 15046?
4
What is the hundreds digit of 901?
9
What is the thousands digit of 7292?
7
What is the thousands digit of 71007?
1
What is the units digit of 102301?
1
What is the thousands digit of 1782?
1
What is the ten thousands digit of 30957?
3
What is the units digit of 29657?
7
What is the hundreds digit of 6007?
0
What is the thousands digit of 1075?
1
What is the thousands digit of 1280?
1
What is the hundreds digit of 13732?
7
What is the thousands digit of 3198?
3
What is the units digit of 18480?
0
What is the thousands digit of 6344?
6
What is the ten thousands digit of 22011?
2
What is the hundreds digit of 1533?
5
What is the thousands digit of 8778?
8
What is the tens digit of 1094?
9
What is the thousands digit of 4467?
4
What is the thousands digit of 2172?
2
What is the thousands digit of 23578?
3
What is the hundreds digit of 3510?
5
What is the hundreds digit of 22484?
4
What is the units digit of 770?
0
What is the tens digit of 240?
4
What is the thousands digit of 1288?
1
What is the hundreds digit of 6162?
1
What is the thousands digit of 1385?
1
What is the ten thousands digit of 25500?
2
What is the thousands digit of 29177?
9
What is the thousands digit of 2465?
2
What is the tens digit of 71252?
5
What is the units digit of 36157?
7
What is the units digit of 642?
2
What is the tens digit of 5957?
5
What is the units digit of 1194?
4
What is the units digit of 26?
6
What is the hundreds digit of 2008?
0
What is the hundreds digit of 16839?
8
What is the tens digit of 139435?
3
What is the thousands digit of 22038?
2
What is the units digit of 11029?
9
What is the thousands digit of 4155?
4
What is the thousands digit of 43412?
3
What is the tens digit of 1871?
7
What is the thousands digit of 18779?
8
What is the units digit of 12410?
0
What is the tens digit of 78226?
2
What is the tens digit of 151792?
9
What is the hundreds digit of 4829?
8
What is the tens digit of 2371?
7
What is the thousands digit of 9004?
9
What is the tens digit of 39179?
7
What is the tens digit of 1160?
6
What is the thousands digit of 18328?
8
What is the units digit of 93?
3
What is the units digit of 38567?
7
What is the units digit of 2553?
3
What is the hundreds digit of 106?
1
What is the units digit of 2425?
5
What is the thousands digit of 26492?
6
What is the hundreds digit of 11668?
6
What is the hundreds digit of 1157?
1
What is the units digit of 7930?
0
What is the units digit of 1446?
6
What is the thousands digit of 3697?
3
What is the units digit of 1693?
3
What is the units digit of 3117?
7
What is the thousands digit of 145064?
5
What is the units digit of 132?
2
What is the hundreds digit of 32446?
4
What is the hundreds digit of 12601?
6
What is the thousands digit of 2133?
2
What is the units digit of 6201?
1
What is the tens digit of 83012?
1
What is the tens digit of 23580?
8
What is the hundreds digit of 129015?
0
What is the thousands digit of 1327?
1
What is the units digit of 4906?
6
What is the ten thousands digit of 36045?
3
What is the units digit of 132517?
7
What is the units digit of 450?
0
What is the hundreds digit of 932?
9
What is the units digit of 2555?
5
What is the hundreds digit of 15389?
3
What is the tens digit of 37741?
4
What is the units digit of 207?
7
What is the hundreds digit of 28223?
2
What is the thousands digit of 9559?
9
What is the thousands digit of 10882?
0
What is the hundreds digit of 5646?
6
What is the thousands digit of 99825?
9
What is the units digit of 1455?
5
What is the tens digit of 9837?
3
What is the units digit of 37?
7
What is the hundreds digit of 99971?
9
What is the units digit of 3912?
2
What is the units digit of 181?
1
What is the hundreds digit of 1681?
6
What is the units digit of 8072?
2
What is the hundreds digit of 9805?
8
What is the ten thousands digit of 20073?
2
What is the thousands digit of 38331?
8
What is the tens digit of 168?
6
What is the ten thousands digit of 91310?
9
What is the tens digit of 146?
4
What is the units digit of 13323?
3
What is the tens digit of 9805?
0
What is the units digit of 2859?
9
What is the hundred thousands digit of 101463?
1
What is the units digit of 67136?
6
What is the hundreds digit of 19283?
2
What is the tens digit of 13298?
9
What is the hundreds digit of 2591?
5
What is the hundreds digit of 11350?
3
What is the thousands digit of 5976?
5
What is the hundreds digit of 5014?
0
What is the units digit of 98422?
2
What is the units digit of 187539?
9
What is the thousands digit of 23120?
3
What is the units digit of 5491?
1
What is the tens digit of 1607?
0
What is the hundreds digit of 75092?
0
What is the tens digit of 787?
8
What is the tens digit of 3173?
7
What is the hundreds digit of 9935?
9
What is the thousands digit of 5138?
5
What is the units digit of 29315?
5
What is the thousands digit of 15949?
5
What is the hundreds digit of 6883?
8
What is the tens digit of 1192?
9
What is the units digit of 43?
3
What is the hundreds digit of 8158?
1
What is the units digit of 20293?
3
What is the units digit of 4279?
9
What is the thousands digit of 33932?
3
What is the units digit of 8619?
9
What is the hundreds digit of 2459?
4
What is the thousands digit of 144362?
4
What is the hundreds digit of 16142?
1
What is the thousands digit of 5621?
5
What is the tens digit of 1181?
8
What is the tens digit of 186?
8
What is the units digit of 5435?
5
What is the thousands digit of 10266?
0
What is the thousands digit of 8415?
8
What is the units digit of 121027?
7
What is the thousands digit of 136001?
6
What is the tens digit of 659?
5
What is the units digit of 741?
1
What is the tens digit of 2287?
8
What is the tens digit of 164?
6
What is the thousands digit of 7922?
7
What is the hundreds digit of 9458?
4
What is the hundreds digit of 13597?
5
What is the units digit of 44526?
6
What is the units digit of 778?
8
What is the units digit of 2991?
1
What is the units digit of 13?
3
What is the tens digit of 689?
8
What is the hundreds digit of 23471?
4
What is the hundreds digit of 2156?
1
What is the units digit of 822?
2
What is the hundreds digit of 15628?
6
What is the ten thousands digit of 150979?
5
What is the ten thousands digit of 47300?
4
What is the hundreds digit of 24584?
5
What is the units digit of 14932?
2
What is the units digit of 647?
7
What is the hundreds digit of 448?
4
What is the tens digit of 972?
7
What is the tens digit of 43503?
0
What is the hundreds digit of 16327?
3
What is the units digit of 66271?
1
What is the thousands digit of 2416?
2
What is the hundreds digit of 108?
1
What is the ten thousands digit of 11125?
1
What is the tens digit of 257?
5
What is the units digit of 2535?
5
What is the hundreds digit of 11396?
3
What is the tens digit of 766?
6
What is the thousands digit of 26915?
6
What is the units digit of 1258?
8
What is the units digit of 813?
3
What is the hundreds digit of 2095?
0
What is the units digit of 1941?
1
What is the thousands digit of 3779?
3
What is the tens digit of 2422?
2
What is the tens digit of 8345?
4
What is the hundreds digit of 6733?
7
What is the units digit of 2193?
3
What is the hundreds digit of 6224?
2
What is the hundreds digit of 1482?
4
What is the units digit of 3659?
9
What is the thousands digit of 38527?
8
What is the tens digit of 17708?
0
What is the tens digit of 21821?
2
What is the hundreds digit of 2525?
5
What is the thousands digit of 1157?
1
What is the hundreds digit of 13906?
9
What is the tens digit of 195?
9
What is the tens digit of 9946?
4
What is the units digit of 1413?
3
What is the thousands digit of 5523?
5
What is the thousands digit of 2182?
2
What is the units digit of 19115?
5
What is the tens digit of 957?
5
What is the units digit of 6358?
8
What is the ten thousands digit 